?
109
Let z(m) = 31*m**2 - 302*m + 19. List the prime factors of z(27).
2, 113
Let f(c) = -c**3 + 10*c**2 - 7*c - 10. Let i be f(9). Suppose b - 6624 = -i*b. What are the prime factors of b?
2, 23
Suppose -3*g + 2*k = -3898 - 2033, -3*g + 3*k = -5925. What are the prime factors of g?
7, 283
Suppose 3*l + 2*n - 29 = 6, 5 = 5*n. Suppose -2*y = -y - 5*w - l, 0 = 5*y + 3*w + 1. List the prime factors of (99 - (-2)/(-1))*y.
97
Let x = 262 + -157. Let p be 10/(-4)*(-5460)/75. Let j = p - x. List the prime factors of j.
7, 11
Let j be 3/27*2 + 1660/(-180). What are the prime factors of (1319 + 3)/((5 + j)/(-2))?
661
Let p(k) = 19*k + 80. Let r be p(-4). Suppose -4*j - 931 = -h - 4*h, h = r*j + 199. List the prime factors of h.
3, 61
Let v(t) = -5*t**2 + 507*t - 156. List the prime factors of v(64).
2, 2953
Let y(r) = 1410*r + 2082. What are the prime factors of y(18)?
2, 3, 23, 199
Let b be (-26)/(-65) - (-116)/10. What are the prime factors of 4*(-39)/26*(-1162)/b?
7, 83
Let g(v) = v**3 - 85*v**2 + 130*v + 996. What are the prime factors of g(91)?
2, 3907
Suppose 4*v = -0*w - 3*w + 17, 4*w = 5*v + 2. Suppose -4*m = 5*b - 5760, -w*m = -5*b + 6*b - 1152. Suppose -8*n - b = -14*n. List the prime factors of n.
2, 3
Suppose 17*o + 22*o - 15*o - 188856 = 0. What are the prime factors of o?
3, 43, 61
Let t = -280 + 253. Let q = 40 + 122. Let c = q + t. List the prime factors of c.
3, 5
Suppose 42*x = x + 6*x + 143640. What are the prime factors of x?
2, 3, 19
Suppose 6*v - 1881 = 15*v. Let c = 454 + v. List the prime factors of c.
5, 7
Suppose 2*p + o = 54460, 201*p - 4*o = 199*p + 54420. List the prime factors of p.
2, 13613
Suppose -8*m - 3*m = -44. Suppose 1357 = 5*o - 3*r - 533, o - 401 = -m*r. List the prime factors of o.
3, 127
Let w(m) = 7*m**2 - 149*m + 89. List the prime factors of w(36).
3797
Let n be ((-4)/(-10))/(16/240). Suppose -2*l + x - 3*x = -n, 5*l - x + 3 = 0. Suppose -2*g = 2*s - 158, l = -s - 2*g + 85 - 4. What are the prime factors of s?
7, 11
Suppose 15*h = -36*h + 90372. What are the prime factors of h?
2, 443
Let n be (1*1/1)/((-2)/(-20)). Suppose 3*a = n*a - 2583. What are the prime factors of a?
3, 41
Let o(i) = 337*i**2 + 54*i - 212. List the prime factors of o(10).
2, 47, 181
Let l = -145 - -205. List the prime factors of (-5)/(l/(-568))*6.
2, 71
Let z be ((-964808)/(-5) - 2) + 2/5. What are the prime factors of 4/22 + z/495?
2, 3, 5, 13
Let y = 182 + -8. Suppose 51 + 294 = 3*a. Let b = y - a. List the prime factors of b.
59
Suppose q + 2*q = -27. Let b(c) = 6*c**2 - 17*c - 6. Let a(u) = 16*u**2 - 34*u - 11. Let m(h) = 2*a(h) - 5*b(h). List the prime factors of m(q).
17
Let s(g) = 4*g**3 + g**2 + 14*g + 16. Let o(n) = 7*n**3 + n**2 + 29*n + 33. Let h(t) = 6*o(t) - 11*s(t). What are the prime factors of h(-8)?
2, 283
Suppose -2*n = -5*l + 106 - 782, l + 140 = -2*n. Let q = l - -274. Suppose -m - 646 = -5*z, 4 + q = z + 3*m. List the prime factors of z.
2, 5, 13
Let u(y) = -315*y**3 + 34*y**2 + 74*y - 3. List the prime factors of u(-2).
3, 5, 167
What are the prime factors of (-698)/((-110)/(-14) + -9 + 7 - 6)?
2, 7, 349
List the prime factors of (-33 + 8 - -8)*(0 - 421).
17, 421
Let k be ((-50)/35)/(3/(-42)). Suppose k*f = 23*f - 495. List the prime factors of f.
3, 5, 11
Let c = 28 - 26. Suppose v - 2 = -5*b, -123 = -4*v + c*b + b. Suppose -3*p + 0 = -v. List the prime factors of p.
3
What are the prime factors of ((-23576)/42 + -24)/(2/(-15))?
2, 5, 439
Let l(q) = -1730*q + 4185. What are the prime factors of l(-21)?
3, 5, 37, 73
Let a = -150 - -90. Let t be (436/10)/((-24)/a). Suppose -c = -4*z - 6*c + 209, 2*z = -c + t. What are the prime factors of z?
2, 7
Suppose -296*h + 61407 + 515965 = -12*h. List the prime factors of h.
19, 107
Suppose -10 = -2*a, 5*q - 2*q - 3*a = -15. List the prime factors of (0 - 1/(-2) - q)*436.
2, 109
Let d be 26/65 + (-4)/10. Suppose d = b + 1, -4*r + 3*b + 76 + 7 = 0. Let w = 66 + r. What are the prime factors of w?
2, 43
Let g = 168 - 164. What are the prime factors of 2001*(104/24 - g)?
23, 29
Let z(x) = 8*x**2. Let j be z(-1). Let w = 35 + j. Let c = w + 4. What are the prime factors of c?
47
Let h(j) = 557*j + 1335. What are the prime factors of h(31)?
2, 71, 131
Let n be 133 - ((-2)/1 + 0). Suppose -p + n + 13 = 0. What are the prime factors of p?
2, 37
Suppose -10*a = -20, -4*a + 18304 = 5*y - y. What are the prime factors of y?
2, 2287
Let d(t) = 17 + 5*t - 67*t**2 + 37*t**2 + 37*t**2. List the prime factors of d(9).
17, 37
Let i(v) = 127*v + 194. Let d be i(-9). Let r = 151 - d. List the prime factors of r.
2, 5, 11
Suppose k - 1 = 43. Let j be (-18062)/k + (-1)/(-2). Let a = 614 + j. What are the prime factors of a?
2, 3, 17
What are the prime factors of (-4 - (-494)/(-1))*(-8 - (-60)/(-9))?
2, 11, 83
Let b(n) = 33*n - 6. Let r(w) = w**3 + 6*w**2 - 6*w + 14. Let c be r(-7). Let l be b(c). Suppose -8*j + l = -279. What are the prime factors of j?
3, 7
Suppose -57749 = -19*t - 10*t + 1548590. List the prime factors of t.
7, 41, 193
Let q = -23036 + 38994. List the prime factors of q.
2, 79, 101
Let g = 222 + 6041. List the prime factors of g.
6263
Let j(v) = -v**2 + 3*v - 8. Let b be j(3). Let f be b + 8 + (1 - 3)*-1. Suppose 0 = 5*u - a + 6*a - 685, -f*a - 518 = -4*u. What are the prime factors of u?
2, 3, 11
Suppose -8*r + 15 = -3*r. Suppose 317 = r*h - 199. Suppose 2*s - 5*i - h = 0, 115 = -3*s + 2*i + 384. List the prime factors of s.
7, 13
Suppose -b = -f - 50, -3*b + 5*f = 3*f - 149. Let p = 54 - b. Suppose -2*x - 2*x = 3*q - 107, -2*q + p*x = -33. What are the prime factors of q?
29
Let r be 0*(-2)/6 + -3. Let d(t) = -5*t - 17. Let w be d(r). What are the prime factors of (-3)/(w/(73 - -3))?
2, 3, 19
Let y be 18/(-45) - (-1 + 7/(-5)). What are the prime factors of 214 + 4/(4/(-1)) - y?
211
Suppose 17*g - 42 = 26. Suppose g = -q + 3. What are the prime factors of 94/2 - 1/q?
2, 3
Let l be ((-56)/(-42))/((-8)/(-18)). Suppose 0 = -3*i - 2*i + 5*t + 2220, -3*t + 1314 = l*i. List the prime factors of i.
3, 7
Suppose -5*k + 85*a + 93279 = 91*a, a = -1. List the prime factors of k.
3, 691
What are the prime factors of 321320/9 - (-29)/((-6264)/48)?
2, 17851
Let w(z) = -198*z**2 - 29*z + 22. Let m(r) = 198*r**2 + 32*r - 23. Let y(o) = -4*m(o) - 5*w(o). List the prime factors of y(1).
197
Suppose 0 = 2*g, 4*j - 2*g + 67 = 18051. Let m = j - 2735. What are the prime factors of m?
3, 587
Suppose -r = 4*q + 18452, q - 36922 = r + r. What are the prime factors of ((-20)/2)/(r/(-3696) - 5)?
2, 3, 7, 11
Let q(x) be the third derivative of x**6/120 - 13*x**5/20 + 5*x**3/3 + 30*x**2. List the prime factors of q(39).
2, 5
Let o(n) = n + 1. Let k be o(3). Suppose 13*h - 5*h - 4128 = 0. Suppose 4*g - 3*r = r + h, r - 521 = -k*g. What are the prime factors of g?
2, 5, 13
Suppose -79979 = -4*a + u - 8622, -3*a + 53558 = 5*u. What are the prime factors of a?
3, 19, 313
Let v(q) = -27*q + 9. Let h be v(-6). Let g = h + -120. Let o = g + -20. List the prime factors of o.
31
Suppose 5*b + 20677 = 5*x + 6*b, 4*b + 20667 = 5*x. What are the prime factors of x?
5, 827
Let r be (-1)/(-4 - (-34)/8). Let g be (-2)/(r/6)*2/(-3). What are the prime factors of 0 + g - 260/(-2)?
2
Let f(m) = 2*m**2 - 69*m + 1853. List the prime factors of f(37).
2, 1019
Suppose 4*m = 3*v + 11, -3 = -5*v - 4*m + 32. Suppose -i + 46 = v*s, 55 + 199 = 5*i + 3*s. What are the prime factors of i?
2, 13
Suppose -5*d = -i + 28591, 2*i + 100*d - 57246 = 102*d. What are the prime factors of i?
28631
Let o be ((-14)/6)/(((-4)/12)/(-1)). Let f(l) = l**3 + 7*l**2 + 2*l + 15. Let i be f(o). What are the prime factors of 126 + -1 + i + 2?
2
Let m(g) = 73 - 1 + 12 + 21 - 12 + 42*g. List the prime factors of m(14).
3, 227
What are the prime factors of (-7332)/(-1645)*42/4*130?
2, 3, 13
Let c(g) = -g**3 - 3*g**2 + 2*g - 5. Let u be c(-4). Suppose u - 15 = -2*p. Suppose 227 = p*f + 41. What are the prime factors of f?
31
Let m = -54 - -52. Let x be 20/3*(34 - m)*1. Suppose 4*c - x = -c. List the prime factors of c.
2, 3
Let d(v) = v**3 + 16*v**2 - 2*v - 22. Let g = -53 - -37. Let r be d(g). What are the prime factors of (r/2 - 2) + 1*103?
2, 53
Let r(t) = -t**2 + 18*t - 15. Let d be r(19). Suppose 0*b + 4*b - 157 = 3*o, 5*b - 158 = 3*o. Let l = 